6.
-5
Calculate (-14 - -7) + 10 + -3.
0
Calculate 2 + -3 + 2 + (-4 - -7).
4
Evaluate (-34 - -35) + (0 - -1) + -3.
-1
Calculate 1 + 0 + 0 - 0.
1
What is the value of -3 + 7 + -4 + -12 - -5?
-7
Calculate (-11 - -6) + 0 + 1 + 0.
-4
Evaluate -2 - (4 - -1) - (28 + -29).
-6
What is 1 + (5 - 6) + (0 - -3)?
3
Evaluate 2 - (1 - (3 + (5 - 11))).
-2
What is the value of 0 - 3 - (-3 - 4)?
4
0 - -2 - (-2 - (3 - 3))
4
What is -8 + 1 - (4 + 16 + -36)?
9
What is the value of -1 + (3 - 11) + 1 + 4?
-4
What is the value of -1 + -2 - (13 - (37 - 14))?
7
What is the value of 6 + -5 + 3 + 1?
5
Calculate -6 - (9 - 7) - (-6 - -3).
-5
Evaluate 11 + -6 - -2 - 5.
2
What is 0 - -3 - 0 - 2?
1
What is 3 + 0 + -2 + 1 + -2?
0
What is the value of (91 - 91) + 1 + 8?
9
Evaluate 333 + -334 + (-1 - -13).
11
What is the value of (16 - 36 - -25) + (-2 - 0)?
3
Evaluate -1 + (-2 - (0 - 0)) + 0.
-3
1 - -1 - 4 - (-8 - -8)
-2
Calculate 8 + 0 - (1 - (2 + -4)).
5
Calculate -10 + 3 - (-3 + (0 - 1)).
-3
Evaluate -6 + 3 - (0 - 3) - 10.
-10
What is -4 + 3 + 0 + (4 - 0)?
3
Evaluate 240 + -238 - (1 - 1 - 5).
7
What is the value of (4 - (2 + 6 + -3)) + 2?
1
Evaluate 1 + -5 + (-2 - 7) + 9.
-4
-6 + -2 + 4 + -1
-5
What is the value of 2 + 3 + -4 + -1 + 3?
3
What is 17 - 13 - (11 - 3)?
-4
-7 + 4 - -2 - -1
0
(-21 - -1) + (18 - 4)
-6
What is -1 + 9 + -8 + -5?
-5
What is the value of -3 + -1 + 8 - 6?
-2
(4 + 0 - 5) + 0 + 4
3
What is (2 - -8) + -6 + -10?
-6
What is (-11 - -8) + -1 + 1 - -1?
-2
Calculate 4 - (-1 - 1 - (11 - 18)).
-1
-3 - (-1 + 3) - (9 - 13)
-1
-1 + 4 + 0 + (-3 - -1)
1
Calculate -5 + 4 + 1 + 1 + -2.
-1
-14 + 13 + -6 + (-1 - -11)
3
-1 + -1 + 1 + 0 + 5
4
What is the value of 1 + -5 + (4 - 3)?
-3
What is -9 - -7 - 6 - -13?
5
1 - -9 - (2 + 14)
-6
Calculate (29 + -9 - 7) + -9.
4
What is the value of 0 + 0 - (-6 - -8)?
-2
Calculate 6 + -2 + (-3 - (4 - 6)).
3
Calculate -6 + 6 + -3 - -7.
4
Calculate 0 + (1 - 0) + 13 + -13.
1
What is 1 - (-1 + (4 - (-1 - -4)))?
1
What is -6 - (0 + (0 - 4))?
-2
Calculate -2 + -12 - (4 + -13).
-5
5 + (9 - (5 - 2)) + -11
0
What is (-1 + 0 - (6 - 10)) + 2?
5
-6 - (4 - 9) - 1
-2
What is the value of 9 - 7 - -5 - 4?
3
What is (101 - 106) + (0 - 0)?
-5
Evaluate 1 + 5 + -1 + -9 + 8.
4
What is 5 + -5 + 8 + -6?
2
Calculate -14 + 5 + 14 - -2.
7
What is -5 - ((-3 - 2) + 3)?
-3
(-11 - -4 - -7) + -2 - -9
7
(-8 + 14 - 11) + 3
-2
What is -3 + 1 + -2 + 3?
-1
What is the value of (3 - 2 - -1 - 4) + 0?
-2
Evaluate 0 + 0 + 7 + (-3 - 2).
2
Evaluate -2 - 5 - 9 - -9.
-7
What is 2 + 0 - (-1 + 4 + 1)?
-2
What is the value of 4 - (-2 + 14 + -5)?
-3
(2 + -1 - (0 + 0)) + -8
-7
What is the value of 7 - ((3 - 7) + 11)?
0
Evaluate 4 + -2 + 4 + -1.
5
Calculate (-3 + 0 + 6 - 1) + 1.
3
What is 23 - 15 - (14 - 2)?
-4
5 + -3 + 4 - 5
1
Calculate -2 - (-9 - -6) - -3.
4
Calculate 5 - (2 + 6 + -5 + 1).
1
What is (2 - -2 - 1) + -14 + 8?
-3
Evaluate -106 + 99 - (2 + -4).
-5
Calculate 10 + -3 + (-7 - -3).
3
Evaluate 8 - (2 + -4 + 11).
-1
What is the value of 1 + 0 - (-10 - -6)?
5
What is the value of (-1 - -1) + 0 + 3 + -5?
-2
What is the value of 4 - ((-4 - -4) + 1)?
3
What is the value of -3 + (2 - 2) - -6?
3
What is the value of 2 + -4 - (69 - 72)?
1
What is the value of -5 + 8 - (7 + -3 + -6)?
5
What is (1 - 3) + (5 - -2)?
5
Evaluate (-33 - -33) + (2 - 10) + 12.
4
Calculate -4 + (1 + 5 - (-2 + 3)).
1
Evaluate 2 + -3 + 4 + 3.
6
Calculate -4 - (-8 - (-3 - -1)).
2
Calculate (-13 - -4) + 10 + (-2 - -1).
0
What is -6 + 6 + -2 - -4?
2
What is (5 - 18) + (2 - -3) + 2?
-6
What is 4 - (-13 + 6 + 10)?
1
Calculate 0 - (15 - (-15 + 20)).
-10
What is the value of (-5 - -1) + 28 + -19?
5
Evaluate 5 + (-6 - (6 - 5)).
-2
Evaluate (-4 + -1 - -12) + -11.
-4
What is the value of (5 - 5) + -4 - (-1 - 1)?
-2
-5 - (-30 + 8 - (0 - 8))
9
6 - (-4 - 1 - (4 + -14))
1
What is -4 + 1 - (-1 + (-3 - 0))?
1
Calculate 11 - 12 - (-1 + -4).
4
What is the value of (6 - 6 - -5) + -8?
-3
Calculate (4 + -5 - 2) + 6 + -1.
2
What is 4 - -4 - (2 + 2 + -1)?
5
What is 3 + -5 + (-4 - -10)?
4
What is the value of -1 - (4 - 1) - (1 - 2)?
-3
Evaluate 3 - (6 + (-3 - -8)).
-8
What is the value of 16 + -10 - (11 - 1) - 4?
-8
Evaluate -2 - (-1 - (-4 + 4)).
-1
What is -8 - (0 - 4) - 0?
-4
What is 8 + 4 + -7 + 2 - 8?
-1
Evaluate -9 + 1 + (4 - 0).
-4
(-3 - 1) + -32 + 29
-7
What is the value of -1 + 1 + 2 + -1?
1
Evaluate -3 + (-68 - -67 - (3 - -1)).
-8
Calculate 3 + (3 + 4 - 5).
5
What is 6 + (-12 + 1 - (-17 - -17))?
-5
Calculate -47 + 47 + (-5 - 1 - -2).
-4
-1 + 0 - 0 - (-6 + 3)
2
2 + ((-2 - 7) + 4 - -7)
4
What is the value of -9 + 0 + (-2 - -19) + -11?
-3
Evaluate 4 + (5 - 8) - (0 + -1).
2
(-1 - (14 - 7)) + 13 - 2
3
What is 2 + (3 - (-8 + 3 + 9))?
1
What is the value of -1 + (2 - 5) - (-3 + 3)?
-4
What is 13 + -14 - (1 - 6)?
4
Calculate 11 + -8 - (5 - 1).
-1
Evaluate (24 - (7 + 0)) + -9.
8
Calculate (0 - 1) + -2 + 0 + -2.
-5
Calculate -3 - -7 - ((-3 - -2) + 1).
4
Evaluate -12 + 9 - (-1 + -3).
1
-5 - 1 - (2 - 4)
-4
Calculate 2 + 7 + -12 + -2 + 5.
0
Calculate 2 - -1 - (-3 - -2).
4
-6 + 5 + -3 + 2
-2
Evaluate 2 + 2 + -4 + 3 - -3.
6
Calculate 6 + (-6 - (5 - 7)).
2
22 + -5 + 13 + -22
8
Calculate (5 - (-6 - (-12 + 3))) + -2.
0
What is 1 - ((-4 - -1) + 0 + 9)?
-5
Calculate -3 + (-10 + 5 - -5).
-3
Evaluate (-2 - -4) + 1 + 2.
5
-3 + -6 - (11 - 1 - 19)
0
4 - 3 - (6 + 0)
-5
What is the value of (-2 - -9) + -1 + -2?
4
What is the value of (0 - -5) + -23 + 23?
5
Evaluate -2 + (1 - 0) + 2.
1
What is the value of -6 + 4 + (-2 - -2)?
-2
Evaluate -14 + 11 + (21 - 9).
9
What is the value of 3 + -9 - (-9 + -10 + 16)?
-3
What is the value of 1 + (-3 + 2 - -2) - 0?
2
Evaluate -7 - (3 + -15 + 5).
0
Evaluate (3 + -11 - -4) + 1 + 1.
-2
2 + 1 + (-4 - 0)
-1
Calculate 0 - -2 - (3 + -3).
2
What is the value of -2 + 1 - (1 + -12 + 4)?
6
What is (-5 - 3) + 15 - -1?
8
Calculate -2 + 5 - (0 - -2 - 4).
5
Calculate (16 - 12) + 0 + -2.
2
What is the value of -1 - (0 + -1 + (8 - 3))?
-5
What is the value of (2 - -2) + -2 - 10?
-8
Evaluate 353 + -362 + 6 + (1 - 1).
-3
Evaluate 1 + (13 - 19 - (-4 + -1)).
0
What is the value of -7 + 16 - -4 - 8?
5
What is the value of 0 + (-4 - -4 - -2) + 2?
4
What is the value of -10 + (1 + -1 - -3 - 2)?
-9
Evaluate -2 + (-5 + -1 - -14).
6
Calculate -1 - 0 - (0 - 6 - -8).
-3
What is (-4 - ((1 - -2) + -7)) + -5?
-5
(5 - 4) + -4 + 0 + 5
2
-4 + 4 + 3 + -5
-2
What is the value of 10 + -1 + (-2 - (13 - 9))?
3
8 - (1 - 5 - -9)
3
Calculate -1 + (5 - 11 - -3).
-4
What is 3 + (10 - 4 - 3)?
6
Evaluate -1 + 8 - (2 - -1).
4
-1 + -12 + 16 - (2 + -2)
3
-20 + -3 + 17 + 6 + 1
1
Calculate -13 + (7 + -1 - -1).
-6
What is the value of (-3 + -2 - -1) + 0 + 5?
1
Calculate -3 + (-3 - -13 - 2).
5
(4 + 4 - 1 - 4) + -1
2
Calculate 4 - (5 + 1 + -3).
1
Evaluate -2 + (-5 - -2) - (1 + -4).
-2
(-3 - -2) + -2 + -1
-4
Calculate 6 - (2 - (7 + -8 + 2)).
5
What is (2 - 6 - 3) + 0 + 6?
-1
Calculate 1 - 3 - -3 - 4.
-3
(-3 - (2 + -4 + 2)) + 3
0
Evaluate 2 + -2 + (4 - 0).
4
Evaluate -4 + (12 - (-4 + 21)).
-9
10 - 6 - (0 + -1 + -4)
9
What is the value of 9 + -9 + 6 + -9?
-3
What is 5 + -6 + (3 - (-5 + 6))?
1
What is the value of (-6 - (-2 - (-7 + 4))) + 4?
-3
What is 1 + 2 + 2 + (9 - 10)?
4
What is the value of -2 + (2 - -6) + 0?
6
Calculate -1 + -10 + 6 - -12.
7
Calculate -8 + (4 - 0) - (-10 + 1).
5
What is -9 + 3 - (-7 + 6)?
-5
What is -3 + 10 + 0 + -7 + 2?
2
Calculate 1 - (3 + -10 - -6).
2
What is the value of 3 + -3 + 36 + -38?
-2
Calculate -4 - (0 - 9) - 2.
3
-4 - (7 + -3 + -3)
-5
Calculate -6 - (4 - (2 + 11)).
3
Calculate -74 + 76 + 1 + 2.
5
Evaluate 5 - (-1 + 1) - 3.
2
Calculate 0 - (-1 - -2 - 7 - -3).
3
What is -3 + (-9 - -11 - 5)?
-6
-1 + -3 - (9 - 10)
-3
What is -3 - (2 - (3 + -4) - 4)?
-2
Calculate -3 - (-4 - 0 - 1 - 1).
3
Calculate 5 + (16 - 8) + -4.
9
(-1 - -3) + 2 + (3 - 12)
-5
What is the value of -4 - (-2 + 5 - 10)?
3
-4 + 9 + -14 + 11
2
Calculate 7 + -5 + 0 - -1.
3
What is the value of (-1 + (0 - -3) - 4) + 0?
-2
Calculate -13 + (0 - -9 - 3) - -2.
-5
What is 24 + -24 + 1 + 2?
3
-116 + 106 - (1 + 2 + -3)
-10
What is the value of (0 + 0 + -3 - -1) + 1?
-1
Calculate -3 + (-1 - (-1 + -2)).
-1
Evaluate (3 - (1 + 3) - 1) + 3.
1
What is the value of -3 + 5 - (-1 - -1)?
2
What is the value of 30 - 27 - (0 + 7) - 2?
-6
What is (3 - (-7 + 6)) + -4?
0
-1 - ((-7 - -9 - -1) + -5)
1
2 - 